f 49.
7
What are the prime factors of 7249?
11, 659
What are the prime factors of 65512?
2, 19, 431
What are the prime factors of 1249?
1249
List the prime factors of 9728.
2, 19
What are the prime factors of 10386?
2, 3, 577
List the prime factors of 1924.
2, 13, 37
List the prime factors of 18031.
13, 19, 73
List the prime factors of 5260.
2, 5, 263
What are the prime factors of 8370?
2, 3, 5, 31
What are the prime factors of 518?
2, 7, 37
What are the prime factors of 19461?
3, 13, 499
List the prime factors of 29899.
29, 1031
List the prime factors of 9487.
53, 179
What are the prime factors of 1024?
2
What are the prime factors of 1010?
2, 5, 101
List the prime factors of 141984.
2, 3, 17, 29
What are the prime factors of 44236?
2, 11059
List the prime factors of 1741.
1741
What are the prime factors of 49044?
2, 3, 61, 67
What are the prime factors of 7206?
2, 3, 1201
What are the prime factors of 453?
3, 151
What are the prime factors of 56581?
7, 59, 137
What are the prime factors of 26189?
26189
List the prime factors of 6561.
3
What are the prime factors of 2474?
2, 1237
List the prime factors of 14597.
11, 1327
List the prime factors of 69271.
53, 1307
What are the prime factors of 47958?
2, 3, 7993
What are the prime factors of 11528?
2, 11, 131
What are the prime factors of 2688?
2, 3, 7
List the prime factors of 2354.
2, 11, 107
What are the prime factors of 558?
2, 3, 31
What are the prime factors of 268?
2, 67
List the prime factors of 6179.
37, 167
What are the prime factors of 1139?
17, 67
What are the prime factors of 117394?
2, 79, 743
List the prime factors of 9257.
9257
List the prime factors of 124882.
2, 17, 3673
List the prime factors of 3382.
2, 19, 89
What are the prime factors of 5262?
2, 3, 877
What are the prime factors of 4365?
3, 5, 97
What are the prime factors of 6625?
5, 53
List the prime factors of 602.
2, 7, 43
What are the prime factors of 2490?
2, 3, 5, 83
List the prime factors of 2936.
2, 367
What are the prime factors of 879?
3, 293
What are the prime factors of 5346?
2, 3, 11
List the prime factors of 78981.
3, 7, 3761
List the prime factors of 1980.
2, 3, 5, 11
What are the prime factors of 2988?
2, 3, 83
List the prime factors of 83036.
2, 20759
What are the prime factors of 3767?
3767
What are the prime factors of 2864?
2, 179
List the prime factors of 1470.
2, 3, 5, 7
List the prime factors of 9218.
2, 11, 419
What are the prime factors of 36838?
2, 113, 163
What are the prime factors of 14620?
2, 5, 17, 43
What are the prime factors of 482?
2, 241
What are the prime factors of 30089?
30089
What are the prime factors of 1205?
5, 241
List the prime factors of 7615.
5, 1523
What are the prime factors of 156741?
3, 13, 4019
List the prime factors of 10062.
2, 3, 13, 43
What are the prime factors of 3299?
3299
List the prime factors of 13153.
7, 1879
List the prime factors of 58177.
7, 8311
List the prime factors of 1528.
2, 191
List the prime factors of 24937.
11, 2267
List the prime factors of 1127.
7, 23
What are the prime factors of 1090?
2, 5, 109
List the prime factors of 59049.
3
List the prime factors of 1328.
2, 83
What are the prime factors of 1066?
2, 13, 41
What are the prime factors of 1088?
2, 17
List the prime factors of 98728.
2, 7, 41, 43
List the prime factors of 19757.
23, 859
List the prime factors of 369.
3, 41
List the prime factors of 232.
2, 29
What are the prime factors of 28792?
2, 59, 61
List the prime factors of 33973.
53, 641
List the prime factors of 531.
3, 59
What are the prime factors of 24424?
2, 43, 71
List the prime factors of 17007.
3, 5669
What are the prime factors of 9677?
9677
What are the prime factors of 1339?
13, 103
What are the prime factors of 5126?
2, 11, 233
List the prime factors of 12115.
5, 2423
What are the prime factors of 40255?
5, 83, 97
What are the prime factors of 875?
5, 7
List the prime factors of 26270.
2, 5, 37, 71
List the prime factors of 72604.
2, 7, 2593
What are the prime factors of 1903?
11, 173
List the prime factors of 4308.
2, 3, 359
List the prime factors of 11578.
2, 7, 827
List the prime factors of 869.
11, 79
What are the prime factors of 10099?
10099
List the prime factors of 2243.
2243
What are the prime factors of 71106?
2, 3, 7, 1693
List the prime factors of 1958.
2, 11, 89
What are the prime factors of 5009?
5009
List the prime factors of 2816.
2, 11
What are the prime factors of 63619?
113, 563
What are the prime factors of 27819?
3, 11, 281
What are the prime factors of 1302?
2, 3, 7, 31
List the prime factors of 2601.
3, 17
What are the prime factors of 39125?
5, 313
What are the prime factors of 1081?
23, 47
List the prime factors of 103.
103
What are the prime factors of 28541?
28541
What are the prime factors of 11949?
3, 7, 569
List the prime factors of 1022.
2, 7, 73
List the prime factors of 2804.
2, 701
List the prime factors of 54741.
3, 71, 257
What are the prime factors of 18?
2, 3
List the prime factors of 52076.
2, 47, 277
List the prime factors of 1061.
1061
What are the prime factors of 12239?
12239
What are the prime factors of 1998?
2, 3, 37
What are the prime factors of 63251?
19, 3329
List the prime factors of 11669.
7, 1667
List the prime factors of 5800.
2, 5, 29
List the prime factors of 702.
2, 3, 13
List the prime factors of 21957.
3, 13, 563
List the prime factors of 1801.
1801
What are the prime factors of 1356?
2, 3, 113
What are the prime factors of 1149?
3, 383
What are the prime factors of 4263?
3, 7, 29
List the prime factors of 1355.
5, 271
What are the prime factors of 18306?
2, 3, 113
What are the prime factors of 10143?
3, 7, 23
What are the prime factors of 4201?
4201
List the prime factors of 206.
2, 103
List the prime factors of 11541.
3, 3847
List the prime factors of 5488.
2, 7
What are the prime factors of 42219?
3, 4691
List the prime factors of 7779.
3, 2593
What are the prime factors of 3318?
2, 3, 7, 79
List the prime factors of 9158.
2, 19, 241
What are the prime factors of 30200?
2, 5, 151
What are the prime factors of 1117?
1117
What are the prime factors of 161684?
2, 83, 487
What are the prime factors of 3287?
19, 173
What are the prime factors of 4561?
4561
What are the prime factors of 6544?
2, 409
What are the prime factors of 91070?
2, 5, 7, 1301
List the prime factors of 7320.
2, 3, 5, 61
List the prime factors of 1261.
13, 97
List the prime factors of 946.
2, 11, 43
What are the prime factors of 14534?
2, 13, 43
List the prime factors of 16423.
11, 1493
List the prime factors of 106409.
97, 1097
What are the prime factors of 214?
2, 107
List the prime factors of 44928.
2, 3, 13
What are the prime factors of 56562?
2, 3, 11, 857
List the prime factors of 12080.
2, 5, 151
What are the prime factors of 20837?
67, 311
List the prime factors of 3766.
2, 7, 269
List the prime factors of 10623.
3, 3541
List the prime factors of 34481.
29, 41
List the prime factors of 4552.
2, 569
What are the prime factors of 2350?
2, 5, 47
What are the prime factors of 791?
7, 113
What are the prime factors of 32455?
5, 6491
What are the prime factors of 5458?
2, 2729
List the prime factors of 16441.
41, 401
List the prime factors of 1824.
2, 3, 19
List the prime factors of 743.
743
List the prime factors of 18632.
2, 17, 137
List the prime factors of 1030.
2, 5, 103
What are the prime factors of 415?
5, 83
What are the prime factors of 9184?
2, 7, 41
List the prime factors of 2236.
2, 13, 43
List the prime factors of 13468.
2, 7, 13, 37
List the prime factors of 731.
17, 43
What are the prime factors of 36629?
36629
List the prime factors of 352.
2, 11
What are the prime factors of 1093?
1093
List the prime factors of 4309.
31, 139
List the prime factors of 41386.
2, 20693
List the prime factors of 8201.
59, 139
What are the prime factors of 3746?
2, 1873
What are the prime factors of 10064?
2, 17, 37
What are the prime factors of 7490?
2, 5, 7, 107
List the prime factors of 26595.
3, 5, 197
What are the prime factors of 678?
2, 3, 113
List the prime factors of 3871.
7, 79
What are the prime factors of 816?
2, 3, 17
List the prime factors of 13235.
5, 2647
List the prime factors of 22250.
2, 5, 89
List the prime factors of 18874.
2, 9437
List the prime factors of 108978.
2, 3, 41,